{"id":293,"date":"2013-07-04T18:19:22","date_gmt":"2013-07-04T16:19:22","guid":{"rendered":"http:\/\/www.anffasms.it\/?page_id=293"},"modified":"2019-11-26T15:18:17","modified_gmt":"2019-11-26T14:18:17","slug":"storia-anffas-massa-carrara","status":"publish","type":"page","link":"https:\/\/www.anffasms.it\/?page_id=293","title":{"rendered":"La Storia di Anffas MS"},"content":{"rendered":"<p><div class=\"fusion-fullwidth fullwidth-box fusion-builder-row-1 nonhundred-percent-fullwidth non-hundred-percent-height-scrolling\" style=\"--awb-border-radius-top-left:0px;--awb-border-radius-top-right:0px;--awb-border-radius-bottom-right:0px;--awb-border-radius-bottom-left:0px;--awb-flex-wrap:wrap;\" ><div class=\"fusion-builder-row fusion-row\"><div class=\"fusion-layout-column fusion_builder_column fusion-builder-column-0 fusion_builder_column_1_1 1_1 fusion-one-full fusion-column-first fusion-column-last\" style=\"--awb-bg-size:cover;\"><div class=\"fusion-column-wrapper fusion-column-has-shadow fusion-flex-column-wrapper-legacy\"><div class=\"fusion-text fusion-text-1\"><h2>La storia di <acronym title=\"Associazione Nazionale Famiglie di Persone con Disabilit\u00e0 Intellettiva e\/o Relazionale\">ANFFAS<\/acronym> Massa Carrara<\/h2>\n<p>La storia dell\u2019ANFFAS di Massa-Carrara fonda le sue origini attorno agli anni &#8217;60. Quasi contemporaneamente <strong>due famiglie, una su Massa e l\u2019altra su Carrara, all\u2019insaputa l\u2019una dell\u2019altra si mossero per cercare di creare qualcosa che assicurasse un futuro ai propri figli con disabilit\u00e0 e ad altri come loro.<\/strong><\/p>\n<\/div><div class=\"fusion-clearfix\"><\/div><\/div><\/div><\/div><\/div><div class=\"fusion-fullwidth fullwidth-box fusion-builder-row-2 nonhundred-percent-fullwidth non-hundred-percent-height-scrolling\" style=\"--awb-border-radius-top-left:0px;--awb-border-radius-top-right:0px;--awb-border-radius-bottom-right:0px;--awb-border-radius-bottom-left:0px;--awb-flex-wrap:wrap;\" ><div class=\"fusion-builder-row fusion-row\"><div class=\"fusion-layout-column fusion_builder_column fusion-builder-column-1 fusion_builder_column_1_2 1_2 fusion-one-half fusion-column-first\" style=\"--awb-bg-size:cover;--awb-margin-bottom:0px;width:48%; margin-right: 4%;\"><div class=\"fusion-column-wrapper fusion-flex-column-wrapper-legacy\"><div class=\"fusion-image-element in-legacy-container\" style=\"--awb-caption-title-font-family:var(--h2_typography-font-family);--awb-caption-title-font-weight:var(--h2_typography-font-weight);--awb-caption-title-font-style:var(--h2_typography-font-style);--awb-caption-title-size:var(--h2_typography-font-size);--awb-caption-title-transform:var(--h2_typography-text-transform);--awb-caption-title-line-height:var(--h2_typography-line-height);--awb-caption-title-letter-spacing:var(--h2_typography-letter-spacing);\"><span class=\" fusion-imageframe imageframe-none imageframe-1 hover-type-none\"><img decoding=\"async\" width=\"600\" height=\"450\" alt=\"La Signora Valeria Tomeo Job\" title=\"Signora Valeria Tomeo Job\" src=\"https:\/\/www.anffasms.it\/wp-content\/uploads\/2019\/07\/Storia_AnffasMS_01-600x450.png\" class=\"img-responsive wp-image-5017\"\/><\/span><\/div><div class=\"fusion-text fusion-text-2\"><\/div><div class=\"fusion-sep-clear\"><\/div><div class=\"fusion-separator fusion-full-width-sep\" style=\"margin-left: auto;margin-right: auto;margin-bottom:32px;width:100%;\"><\/div><div class=\"fusion-sep-clear\"><\/div><div class=\"fusion-image-element in-legacy-container\" style=\"--awb-caption-title-font-family:var(--h2_typography-font-family);--awb-caption-title-font-weight:var(--h2_typography-font-weight);--awb-caption-title-font-style:var(--h2_typography-font-style);--awb-caption-title-size:var(--h2_typography-font-size);--awb-caption-title-transform:var(--h2_typography-text-transform);--awb-caption-title-line-height:var(--h2_typography-line-height);--awb-caption-title-letter-spacing:var(--h2_typography-letter-spacing);\"><span class=\" fusion-imageframe imageframe-none imageframe-2 hover-type-none\"><img decoding=\"async\" width=\"600\" height=\"426\" alt=\"Il Signor Elis Baratta\" title=\"Signor Elis Baratta\" src=\"https:\/\/www.anffasms.it\/wp-content\/uploads\/2019\/07\/Storia_AnffasMS_02-600x426.png\" class=\"img-responsive wp-image-5019\" srcset=\"https:\/\/www.anffasms.it\/wp-content\/uploads\/2019\/07\/Storia_AnffasMS_02-200x142.png 200w, https:\/\/www.anffasms.it\/wp-content\/uploads\/2019\/07\/Storia_AnffasMS_02-400x284.png 400w, https:\/\/www.anffasms.it\/wp-content\/uploads\/2019\/07\/Storia_AnffasMS_02-600x426.png 600w, https:\/\/www.anffasms.it\/wp-content\/uploads\/2019\/07\/Storia_AnffasMS_02.png 770w\" sizes=\"(max-width: 800px) 100vw, 600px\" \/><\/span><\/div><div class=\"fusion-clearfix\"><\/div><\/div><\/div><div class=\"fusion-layout-column fusion_builder_column fusion-builder-column-2 fusion_builder_column_1_2 1_2 fusion-one-half fusion-column-last\" style=\"--awb-bg-size:cover;--awb-margin-bottom:0px;width:48%;\"><div class=\"fusion-column-wrapper fusion-flex-column-wrapper-legacy\"><div class=\"fusion-text fusion-text-3\"><p><strong>A Massa la <abbr title=\"Signora\">Sig.ra<\/abbr> Valeria Tomeo Job ed il marito Riccardo<\/strong> si prodigarono per orientarsi sul futuro della propria figlia che concludeva il ciclo di studi nella scuola speciale.<br \/>\nVenuti a conoscenza dell\u2019esistenza di Anffas si recarono a Roma per prendere contatti con l\u2019associazione e, rimasti favorevolmente impressionati, da subito decisero di impegnarsi a trovare i 20 soci necessari alla realizzazione della Sezione Locale.<br \/>\nAlla festa della Repubblica, che si teneva tutti gli anni il 2 Giugno presso la Prefettura, la famiglia Job conobbe il <abbr title=\"Dottor\">Dott.<\/abbr> Renzo Catassi, allora medico provinciale, che fu cos\u00ec entusiasta dell\u2019idea che da l\u00ec a pochi giorni organizz\u00f2 la ricerca sul territorio di altre famiglie di persone con disabilit\u00e0 che volessero impegnarsi per migliorare le condizioni della loro vita e potenziare i servizi.<\/p>\n<p>Grazie anche alla fattiva collaborazione del <abbr title=\"Senatore\">Sen.<\/abbr> Alberto Del Nero e dell\u2019allora Sindaco di Massa Dott. Silvio Balderi, venne assegnato alla Sig.ra Job un vigile urbano (<abbr title=\"Signor\">Sig.<\/abbr> Gaido) con il quale visitare le famiglie delle persone con disabilit\u00e0. Furono momenti molto difficili poich\u00e9 la &#8220;vergogna&#8221; per il figlio disabile era un sentimento ancora molto diffuso che spingeva le famiglie a chiudersi in se stesse e ad isolarsi oppure a ricoverare il proprio figlio in istituti spesso non adeguati. Nonostante questo la determinazione del drappello di fondatori port\u00f2 alla condivisione dello scopo tra parecchie famiglie e il giorno 29\/10\/1967, accolta nel salone degli Svizzeri da numerose autorit\u00e0 e cittadini, nacque la locale Sezione ANFFAS.<\/p>\n<p>Ugualmente, agli inizi degli anni &#8217;60,<b> a Carrara, il Comandante dei Vigili Urbani Elis Baratta<\/b>, si era adoperato per cercare di aiutare persone e famiglie di disabili. Anche in questo caso in maniera pionieristica e con grande spirito di solidariet\u00e0 un gruppo di persone si era attrezzato per ospitare, con orario scolastico, ragazzi disabili del comune di Carrara che non erano stati accolti neppure dalle scuole differenziali. Tra mille peripezie e guizzi d\u2019ingegno, e grazie all\u2019impegno dell\u2019indimenticabile Don Rosini, dopo essere stati ospitati in varie sedi messe a disposizione da generosi concittadini, il Comandante Baratta riusc\u00ec ad avere in uso dalla Curia una bella villa in localit\u00e0 Melara.<\/p>\n<p>Fu a questo punto che la Sig.ra Job ed il Comandante Baratta si incontrarono e poterono verificare come gli scopi che si ponevano fossero esattamente gli stessi<\/p>\n<\/div><div class=\"fusion-sep-clear\"><\/div><div class=\"fusion-separator fusion-full-width-sep\" style=\"margin-left: auto;margin-right: auto;margin-bottom:32px;width:100%;\"><\/div><div class=\"fusion-sep-clear\"><\/div><div class=\"fusion-clearfix\"><\/div><\/div><\/div><\/div><\/div><div class=\"fusion-fullwidth fullwidth-box fusion-builder-row-3 nonhundred-percent-fullwidth non-hundred-percent-height-scrolling\" style=\"--awb-border-radius-top-left:0px;--awb-border-radius-top-right:0px;--awb-border-radius-bottom-right:0px;--awb-border-radius-bottom-left:0px;--awb-flex-wrap:wrap;\" ><div class=\"fusion-builder-row fusion-row\"><div class=\"fusion-layout-column fusion_builder_column fusion-builder-column-3 fusion_builder_column_1_1 1_1 fusion-one-full fusion-column-first fusion-column-last\" style=\"--awb-bg-size:cover;\"><div class=\"fusion-column-wrapper fusion-column-has-shadow fusion-flex-column-wrapper-legacy\"><div class=\"fusion-text fusion-text-4\"><p><strong>Il 19 Febbraio 1968 nacque un\u2019unica Associazione che si riun\u00ec sotto la Sezione ANFFAS di Massa-Carrara.<br \/>\n<\/strong><strong>L\u2019impegno e la dedizione personali e la condivisione di scopi nobili avevano reso viva quella che era una meravigliosa idea<\/strong>.<\/p>\n<\/div><div class=\"fusion-clearfix\"><\/div><\/div><\/div><\/div><\/div><\/p>\n","protected":false},"excerpt":{"rendered":"","protected":false},"author":1,"featured_media":0,"parent":47,"menu_order":0,"comment_status":"open","ping_status":"closed","template":"","meta":{"_acf_changed":false,"footnotes":""},"class_list":["post-293","page","type-page","status-publish","hentry"],"acf":[],"yoast_head":"<!-- This site is optimized with the Yoast SEO plugin v27.4 - https:\/\/yoast.com\/product\/yoast-seo-wordpress\/ -->\n<title>La Storia di Anffas MS - Anffas Onlus - Massa Carrara<\/title>\n<meta name=\"robots\" content=\"index, follow, max-snippet:-1, max-image-preview:large, max-video-preview:-1\" \/>\n<link rel=\"canonical\" href=\"https:\/\/www.anffasms.it\/?page_id=293\" \/>\n<meta property=\"og:locale\" content=\"it_IT\" \/>\n<meta property=\"og:type\" content=\"article\" \/>\n<meta property=\"og:title\" content=\"La Storia di Anffas MS - Anffas Onlus - Massa Carrara\" \/>\n<meta property=\"og:url\" content=\"https:\/\/www.anffasms.it\/?page_id=293\" \/>\n<meta property=\"og:site_name\" content=\"Anffas Onlus - Massa Carrara\" \/>\n<meta property=\"article:publisher\" content=\"https:\/\/www.facebook.com\/anffasms\/\" \/>\n<meta property=\"article:modified_time\" content=\"2019-11-26T14:18:17+00:00\" \/>\n<meta name=\"twitter:card\" content=\"summary_large_image\" \/>\n<meta name=\"twitter:label1\" content=\"Tempo di lettura stimato\" \/>\n\t<meta name=\"twitter:data1\" content=\"7 minuti\" \/>\n<script type=\"application\/ld+json\" class=\"yoast-schema-graph\">{\"@context\":\"https:\\\/\\\/schema.org\",\"@graph\":[{\"@type\":\"WebPage\",\"@id\":\"https:\\\/\\\/www.anffasms.it\\\/?page_id=293\",\"url\":\"https:\\\/\\\/www.anffasms.it\\\/?page_id=293\",\"name\":\"La Storia di Anffas MS - Anffas Onlus - Massa Carrara\",\"isPartOf\":{\"@id\":\"https:\\\/\\\/www.anffasms.it\\\/#website\"},\"datePublished\":\"2013-07-04T16:19:22+00:00\",\"dateModified\":\"2019-11-26T14:18:17+00:00\",\"breadcrumb\":{\"@id\":\"https:\\\/\\\/www.anffasms.it\\\/?page_id=293#breadcrumb\"},\"inLanguage\":\"it-IT\",\"potentialAction\":[{\"@type\":\"ReadAction\",\"target\":[\"https:\\\/\\\/www.anffasms.it\\\/?page_id=293\"]}]},{\"@type\":\"BreadcrumbList\",\"@id\":\"https:\\\/\\\/www.anffasms.it\\\/?page_id=293#breadcrumb\",\"itemListElement\":[{\"@type\":\"ListItem\",\"position\":1,\"name\":\"Home\",\"item\":\"https:\\\/\\\/www.anffasms.it\\\/\"},{\"@type\":\"ListItem\",\"position\":2,\"name\":\"L&#8217; Associazione\",\"item\":\"https:\\\/\\\/www.anffasms.it\\\/?page_id=47\"},{\"@type\":\"ListItem\",\"position\":3,\"name\":\"La Storia di Anffas MS\"}]},{\"@type\":\"WebSite\",\"@id\":\"https:\\\/\\\/www.anffasms.it\\\/#website\",\"url\":\"https:\\\/\\\/www.anffasms.it\\\/\",\"name\":\"Anffas Onlus - Massa Carrara\",\"description\":\"\",\"publisher\":{\"@id\":\"https:\\\/\\\/www.anffasms.it\\\/#organization\"},\"potentialAction\":[{\"@type\":\"SearchAction\",\"target\":{\"@type\":\"EntryPoint\",\"urlTemplate\":\"https:\\\/\\\/www.anffasms.it\\\/?s={search_term_string}\"},\"query-input\":{\"@type\":\"PropertyValueSpecification\",\"valueRequired\":true,\"valueName\":\"search_term_string\"}}],\"inLanguage\":\"it-IT\"},{\"@type\":\"Organization\",\"@id\":\"https:\\\/\\\/www.anffasms.it\\\/#organization\",\"name\":\"Anffas Massa Carrara Onlus\",\"url\":\"https:\\\/\\\/www.anffasms.it\\\/\",\"logo\":{\"@type\":\"ImageObject\",\"inLanguage\":\"it-IT\",\"@id\":\"https:\\\/\\\/www.anffasms.it\\\/#\\\/schema\\\/logo\\\/image\\\/\",\"url\":\"https:\\\/\\\/www.anffasms.it\\\/wp-content\\\/uploads\\\/2018\\\/07\\\/logo_anffas_onlus_massa_carrara.png\",\"contentUrl\":\"https:\\\/\\\/www.anffasms.it\\\/wp-content\\\/uploads\\\/2018\\\/07\\\/logo_anffas_onlus_massa_carrara.png\",\"width\":274,\"height\":108,\"caption\":\"Anffas Massa Carrara Onlus\"},\"image\":{\"@id\":\"https:\\\/\\\/www.anffasms.it\\\/#\\\/schema\\\/logo\\\/image\\\/\"},\"sameAs\":[\"https:\\\/\\\/www.facebook.com\\\/anffasms\\\/\"]}]}<\/script>\n<!-- \/ Yoast SEO plugin. -->","yoast_head_json":{"title":"La Storia di Anffas MS - Anffas Onlus - Massa Carrara","robots":{"index":"index","follow":"follow","max-snippet":"max-snippet:-1","max-image-preview":"max-image-preview:large","max-video-preview":"max-video-preview:-1"},"canonical":"https:\/\/www.anffasms.it\/?page_id=293","og_locale":"it_IT","og_type":"article","og_title":"La Storia di Anffas MS - Anffas Onlus - Massa Carrara","og_url":"https:\/\/www.anffasms.it\/?page_id=293","og_site_name":"Anffas Onlus - Massa Carrara","article_publisher":"https:\/\/www.facebook.com\/anffasms\/","article_modified_time":"2019-11-26T14:18:17+00:00","twitter_card":"summary_large_image","twitter_misc":{"Tempo di lettura stimato":"7 minuti"},"schema":{"@context":"https:\/\/schema.org","@graph":[{"@type":"WebPage","@id":"https:\/\/www.anffasms.it\/?page_id=293","url":"https:\/\/www.anffasms.it\/?page_id=293","name":"La Storia di Anffas MS - Anffas Onlus - Massa Carrara","isPartOf":{"@id":"https:\/\/www.anffasms.it\/#website"},"datePublished":"2013-07-04T16:19:22+00:00","dateModified":"2019-11-26T14:18:17+00:00","breadcrumb":{"@id":"https:\/\/www.anffasms.it\/?page_id=293#breadcrumb"},"inLanguage":"it-IT","potentialAction":[{"@type":"ReadAction","target":["https:\/\/www.anffasms.it\/?page_id=293"]}]},{"@type":"BreadcrumbList","@id":"https:\/\/www.anffasms.it\/?page_id=293#breadcrumb","itemListElement":[{"@type":"ListItem","position":1,"name":"Home","item":"https:\/\/www.anffasms.it\/"},{"@type":"ListItem","position":2,"name":"L&#8217; Associazione","item":"https:\/\/www.anffasms.it\/?page_id=47"},{"@type":"ListItem","position":3,"name":"La Storia di Anffas MS"}]},{"@type":"WebSite","@id":"https:\/\/www.anffasms.it\/#website","url":"https:\/\/www.anffasms.it\/","name":"Anffas Onlus - Massa Carrara","description":"","publisher":{"@id":"https:\/\/www.anffasms.it\/#organization"},"potentialAction":[{"@type":"SearchAction","target":{"@type":"EntryPoint","urlTemplate":"https:\/\/www.anffasms.it\/?s={search_term_string}"},"query-input":{"@type":"PropertyValueSpecification","valueRequired":true,"valueName":"search_term_string"}}],"inLanguage":"it-IT"},{"@type":"Organization","@id":"https:\/\/www.anffasms.it\/#organization","name":"Anffas Massa Carrara Onlus","url":"https:\/\/www.anffasms.it\/","logo":{"@type":"ImageObject","inLanguage":"it-IT","@id":"https:\/\/www.anffasms.it\/#\/schema\/logo\/image\/","url":"https:\/\/www.anffasms.it\/wp-content\/uploads\/2018\/07\/logo_anffas_onlus_massa_carrara.png","contentUrl":"https:\/\/www.anffasms.it\/wp-content\/uploads\/2018\/07\/logo_anffas_onlus_massa_carrara.png","width":274,"height":108,"caption":"Anffas Massa Carrara Onlus"},"image":{"@id":"https:\/\/www.anffasms.it\/#\/schema\/logo\/image\/"},"sameAs":["https:\/\/www.facebook.com\/anffasms\/"]}]}},"_links":{"self":[{"href":"https:\/\/www.anffasms.it\/index.php?rest_route=\/wp\/v2\/pages\/293","targetHints":{"allow":["GET"]}}],"collection":[{"href":"https:\/\/www.anffasms.it\/index.php?rest_route=\/wp\/v2\/pages"}],"about":[{"href":"https:\/\/www.anffasms.it\/index.php?rest_route=\/wp\/v2\/types\/page"}],"author":[{"embeddable":true,"href":"https:\/\/www.anffasms.it\/index.php?rest_route=\/wp\/v2\/users\/1"}],"replies":[{"embeddable":true,"href":"https:\/\/www.anffasms.it\/index.php?rest_route=%2Fwp%2Fv2%2Fcomments&post=293"}],"version-history":[{"count":29,"href":"https:\/\/www.anffasms.it\/index.php?rest_route=\/wp\/v2\/pages\/293\/revisions"}],"predecessor-version":[{"id":5495,"href":"https:\/\/www.anffasms.it\/index.php?rest_route=\/wp\/v2\/pages\/293\/revisions\/5495"}],"up":[{"embeddable":true,"href":"https:\/\/www.anffasms.it\/index.php?rest_route=\/wp\/v2\/pages\/47"}],"wp:attachment":[{"href":"https:\/\/www.anffasms.it\/index.php?rest_route=%2Fwp%2Fv2%2Fmedia&parent=293"}],"curies":[{"name":"wp","href":"https:\/\/api.w.org\/{rel}","templated":true}]}}