{"id":4146,"date":"2019-05-30T17:47:59","date_gmt":"2019-05-30T15:47:59","guid":{"rendered":"https:\/\/www.anffasms.it\/?page_id=4146"},"modified":"2020-02-06T18:18:48","modified_gmt":"2020-02-06T17:18:48","slug":"formazione","status":"publish","type":"page","link":"https:\/\/www.anffasms.it\/?page_id=4146","title":{"rendered":"Personale e Formazione"},"content":{"rendered":"<p><div class=\"fusion-fullwidth fullwidth-box fusion-builder-row-1 nonhundred-percent-fullwidth non-hundred-percent-height-scrolling\" style=\"--awb-border-radius-top-left:0px;--awb-border-radius-top-right:0px;--awb-border-radius-bottom-right:0px;--awb-border-radius-bottom-left:0px;--awb-flex-wrap:wrap;\" ><div class=\"fusion-builder-row fusion-row\"><div class=\"fusion-layout-column fusion_builder_column fusion-builder-column-0 fusion_builder_column_1_1 1_1 fusion-one-full fusion-column-first fusion-column-last\" style=\"--awb-bg-size:cover;\"><div class=\"fusion-column-wrapper fusion-column-has-shadow fusion-flex-column-wrapper-legacy\"><div class=\"fusion-text fusion-text-1\"><h2>Personale e Formazione<\/h2>\n<\/div><div class=\"fusion-clearfix\"><\/div><\/div><\/div><\/div><\/div><div class=\"fusion-fullwidth fullwidth-box fusion-builder-row-2 nonhundred-percent-fullwidth non-hundred-percent-height-scrolling\" style=\"--awb-border-radius-top-left:0px;--awb-border-radius-top-right:0px;--awb-border-radius-bottom-right:0px;--awb-border-radius-bottom-left:0px;--awb-flex-wrap:wrap;\" ><div class=\"fusion-builder-row fusion-row\"><div class=\"fusion-layout-column fusion_builder_column fusion-builder-column-1 fusion_builder_column_2_3 2_3 fusion-two-third fusion-column-first\" style=\"--awb-bg-size:cover;--awb-margin-bottom:0px;width:65.3333%; margin-right: 4%;\"><div class=\"fusion-column-wrapper fusion-flex-column-wrapper-legacy\"><div class=\"fusion-image-element in-legacy-container\" style=\"--awb-caption-title-font-family:var(--h2_typography-font-family);--awb-caption-title-font-weight:var(--h2_typography-font-weight);--awb-caption-title-font-style:var(--h2_typography-font-style);--awb-caption-title-size:var(--h2_typography-font-size);--awb-caption-title-transform:var(--h2_typography-text-transform);--awb-caption-title-line-height:var(--h2_typography-line-height);--awb-caption-title-letter-spacing:var(--h2_typography-letter-spacing);\"><span class=\" fusion-imageframe imageframe-none imageframe-1 hover-type-none\"><img decoding=\"async\" width=\"2560\" height=\"1275\" alt=\"Formazione personale anffas massa carrara\" title=\"formazione-personale-anffas-massa-carrara\" src=\"https:\/\/www.anffasms.it\/wp-content\/uploads\/2020\/02\/formazione-personale-anffas-massa-carrara-scaled.jpg\" class=\"img-responsive wp-image-6124\" srcset=\"https:\/\/www.anffasms.it\/wp-content\/uploads\/2020\/02\/formazione-personale-anffas-massa-carrara-200x100.jpg 200w, https:\/\/www.anffasms.it\/wp-content\/uploads\/2020\/02\/formazione-personale-anffas-massa-carrara-400x199.jpg 400w, https:\/\/www.anffasms.it\/wp-content\/uploads\/2020\/02\/formazione-personale-anffas-massa-carrara-600x299.jpg 600w, https:\/\/www.anffasms.it\/wp-content\/uploads\/2020\/02\/formazione-personale-anffas-massa-carrara-800x398.jpg 800w, https:\/\/www.anffasms.it\/wp-content\/uploads\/2020\/02\/formazione-personale-anffas-massa-carrara-1200x597.jpg 1200w, https:\/\/www.anffasms.it\/wp-content\/uploads\/2020\/02\/formazione-personale-anffas-massa-carrara-scaled.jpg 2560w\" sizes=\"(max-width: 800px) 100vw, 1200px\" \/><\/span><\/div><div class=\"fusion-text fusion-text-2\"><h3>La formazione del personale<\/h3>\n<p>Nella complessit\u00e0 e continua evoluzione del mondo che cambia la formazione rappresenta un imprescindibile strumento ed un&#8217;opportunit\u00e0 per accrescere le proprie competenze. In relazione alle disabilit\u00e0 \u00e8 necessario che tutta una serie di soggetti siano costantemente aggiornati ed informati: le stesse persone con disabilit\u00e0, le famiglie, gli amministratori e leader associativi, i professionisti ed operatori del settore.<\/p>\n<p>La finalit\u00e0 dei corsi di formazione proposti \u00e8 quella di sollecitare e promuovere la ricerca, la prevenzione, l&#8217;abilitazione e la riabilitazione sulle disabilit\u00e0 intellettive e del neurosviluppo, proponendo ogni utile informazione anche di carattere normativo, sanitario e sociale a tutti i soggetti coinvolti nel processo di presa in carico della persona con disabilit\u00e0 e della sua famiglia in ogni fase del ciclo di vita.<\/p>\n<\/div><div class=\"fusion-clearfix\"><\/div><\/div><\/div><div class=\"fusion-layout-column fusion_builder_column fusion-builder-column-2 fusion_builder_column_1_3 1_3 fusion-one-third fusion-column-last\" style=\"--awb-bg-size:cover;width:30.6666%;\"><div class=\"fusion-column-wrapper fusion-column-has-shadow fusion-flex-column-wrapper-legacy\"><div class=\"fusion-text fusion-text-3\"><h2>Notizie da Corsi e Seminari<\/h2>\n<\/div><div class=\"fusion-sep-clear\"><\/div><div class=\"fusion-separator fusion-full-width-sep\" style=\"margin-left: auto;margin-right: auto;margin-bottom:24px;width:100%;\"><\/div><div class=\"fusion-sep-clear\"><\/div><div class=\"fusion-recent-posts fusion-recent-posts-1 avada-container layout-thumbnails-on-side layout-columns-1\"><section class=\"fusion-columns columns fusion-columns-1 columns-1\"><article class=\"post fusion-column column col col-lg-12 col-md-12 col-sm-12\"><div class=\"fusion-flexslider fusion-flexslider-loading flexslider floated-slideshow flexslider-hover-type-none\"><ul class=\"slides\"><li><a href=\"https:\/\/www.anffasms.it\/?p=7682\" aria-label=\"Affettivit\u00e0 e sessualit\u00e0 nelle neurodivergenze\" class=\"hover-type-none\"><img decoding=\"async\" width=\"177\" height=\"142\" src=\"https:\/\/www.anffasms.it\/wp-content\/uploads\/2024\/03\/virtual-realistic-communication-futuristic-illustrations-digital-painting-177x142.jpg\" class=\"attachment-portfolio-five size-portfolio-five\" alt=\"Affettivit\u00e0 e sessualit\u00e0 nelle neurodivergenze\" \/><\/a><\/li><\/ul><\/div><div class=\"recent-posts-content\"><span class=\"vcard\" style=\"display: none;\"><span class=\"fn\"><a href=\"https:\/\/www.anffasms.it\/?author=1\" title=\"Articoli scritti da Confinigrafici\" rel=\"author\">Confinigrafici<\/a><\/span><\/span><span class=\"updated\" style=\"display:none;\">2024-03-06T20:29:03+01:00<\/span><h4 class=\"entry-title\"><a href=\"https:\/\/www.anffasms.it\/?p=7682\">Affettivit\u00e0 e sessualit\u00e0 nelle neurodivergenze<\/a><\/h4><p class=\"meta\"><span class=\"vcard\" style=\"display: none;\"><span class=\"fn\"><a href=\"https:\/\/www.anffasms.it\/?author=1\" title=\"Articoli scritti da Confinigrafici\" rel=\"author\">Confinigrafici<\/a><\/span><\/span><span class=\"updated\" style=\"display:none;\">2024-03-06T20:29:03+01:00<\/span><\/p><p> Affettivit\u00e0 e sessualit\u00e0 nelle neurodivergenze Docenti Laura Barbisan - Terapista Occupazionale Marica Pietrobon - Psicologa Responsabile scientifico: Francesca Mazzi 5 e 6 Aprile 2024 [...]<\/p><\/div><\/article><article class=\"post fusion-column column col col-lg-12 col-md-12 col-sm-12\"><div class=\"fusion-flexslider fusion-flexslider-loading flexslider floated-slideshow flexslider-hover-type-none\"><ul class=\"slides\"><li><a href=\"https:\/\/www.anffasms.it\/?p=7583\" aria-label=\"Cerco un modo per dirtelo &#8211; Seminario studio\" class=\"hover-type-none\"><img decoding=\"async\" width=\"177\" height=\"142\" src=\"https:\/\/www.anffasms.it\/wp-content\/uploads\/2023\/11\/Cerco-un-modo-per-dirtelo-AnffasMS-177x142.jpg\" class=\"attachment-portfolio-five size-portfolio-five\" alt=\"\u201cCerco un modo per dirtelo\u201d Seminario Studio\" \/><\/a><\/li><\/ul><\/div><div class=\"recent-posts-content\"><span class=\"vcard\" style=\"display: none;\"><span class=\"fn\"><a href=\"https:\/\/www.anffasms.it\/?author=1\" title=\"Articoli scritti da Confinigrafici\" rel=\"author\">Confinigrafici<\/a><\/span><\/span><span class=\"updated\" style=\"display:none;\">2023-11-23T10:42:58+01:00<\/span><h4 class=\"entry-title\"><a href=\"https:\/\/www.anffasms.it\/?p=7583\">Cerco un modo per dirtelo &#8211; Seminario studio<\/a><\/h4><p class=\"meta\"><span class=\"vcard\" style=\"display: none;\"><span class=\"fn\"><a href=\"https:\/\/www.anffasms.it\/?author=1\" title=\"Articoli scritti da Confinigrafici\" rel=\"author\">Confinigrafici<\/a><\/span><\/span><span class=\"updated\" style=\"display:none;\">2023-11-23T10:42:58+01:00<\/span><\/p><p>  \"Cerco un modo per dirtelo\" Seminario Studio Teatroterapia nello spettro autistico, tra scienza, esperienza e testimonianza Sabato 25 NOVEMBRE 2023, ore 9.00 a [...]<\/p><\/div><\/article><article class=\"post fusion-column column col col-lg-12 col-md-12 col-sm-12\"><div class=\"fusion-flexslider fusion-flexslider-loading flexslider floated-slideshow flexslider-hover-type-none\"><ul class=\"slides\"><li><a href=\"https:\/\/www.anffasms.it\/?p=7518\" aria-label=\"ANFFAS NEL TERZO SETTORE: APPROVATO IL PRIMO CODICE DI QUALIT\u00c0 E MANUALE DI AUTOCONTROLLO\" class=\"hover-type-none\"><img decoding=\"async\" width=\"177\" height=\"142\" src=\"https:\/\/www.anffasms.it\/wp-content\/uploads\/2023\/07\/Acquisisci-schermata-Web_28-7-2023_172048_www.flipbookpdf.net_-177x142.jpeg\" class=\"attachment-portfolio-five size-portfolio-five\" alt=\"\" \/><\/a><\/li><\/ul><\/div><div class=\"recent-posts-content\"><span class=\"vcard\" style=\"display: none;\"><span class=\"fn\"><a href=\"https:\/\/www.anffasms.it\/?author=1\" title=\"Articoli scritti da Confinigrafici\" rel=\"author\">Confinigrafici<\/a><\/span><\/span><span class=\"updated\" style=\"display:none;\">2023-07-28T17:24:27+02:00<\/span><h4 class=\"entry-title\"><a href=\"https:\/\/www.anffasms.it\/?p=7518\">ANFFAS NEL TERZO SETTORE: APPROVATO IL PRIMO CODICE DI QUALIT\u00c0 E MANUALE DI AUTOCONTROLLO<\/a><\/h4><p class=\"meta\"><span class=\"vcard\" style=\"display: none;\"><span class=\"fn\"><a href=\"https:\/\/www.anffasms.it\/?author=1\" title=\"Articoli scritti da Confinigrafici\" rel=\"author\">Confinigrafici<\/a><\/span><\/span><span class=\"updated\" style=\"display:none;\">2023-07-28T17:24:27+02:00<\/span><\/p><p>ANFFAS NEL TERZO SETTORE: APPROVATO IL PRIMO CODICE DI QUALIT\u00c0 E MANUALE DI AUTOCONTROLLO \u00abFar parte del nuovo Terzo Settore \u00e8 una scelta, farne parte [...]<\/p><\/div><\/article><article class=\"post fusion-column column col col-lg-12 col-md-12 col-sm-12\"><div class=\"fusion-flexslider fusion-flexslider-loading flexslider floated-slideshow flexslider-hover-type-none\"><ul class=\"slides\"><li><a href=\"https:\/\/www.anffasms.it\/?p=7477\" aria-label=\"DIRITTO ALLA SALUTE: Prevenzione e Pass\" class=\"hover-type-none\"><img decoding=\"async\" width=\"177\" height=\"142\" src=\"https:\/\/www.anffasms.it\/wp-content\/uploads\/2023\/05\/DIRITTI-SALUTE-PASS-ANFFAS-177x142.jpg\" class=\"attachment-portfolio-five size-portfolio-five\" alt=\"\" \/><\/a><\/li><\/ul><\/div><div class=\"recent-posts-content\"><span class=\"vcard\" style=\"display: none;\"><span class=\"fn\"><a href=\"https:\/\/www.anffasms.it\/?author=1\" title=\"Articoli scritti da Confinigrafici\" rel=\"author\">Confinigrafici<\/a><\/span><\/span><span class=\"updated\" style=\"display:none;\">2023-05-15T18:42:21+02:00<\/span><h4 class=\"entry-title\"><a href=\"https:\/\/www.anffasms.it\/?p=7477\">DIRITTO ALLA SALUTE: Prevenzione e Pass<\/a><\/h4><p class=\"meta\"><span class=\"vcard\" style=\"display: none;\"><span class=\"fn\"><a href=\"https:\/\/www.anffasms.it\/?author=1\" title=\"Articoli scritti da Confinigrafici\" rel=\"author\">Confinigrafici<\/a><\/span><\/span><span class=\"updated\" style=\"display:none;\">2023-05-15T18:42:21+02:00<\/span><\/p><p>DIRITTO ALLA SALUTE: Prevenzione e Pass Venerdi 19 Maggio 2023 alle ore 16:30 Presso la sede Anffas Onlus Massa Carrara di Via Castellaro 1 Carrara [...]<\/p><\/div><\/article><\/section><div class=\"pagination clearfix\"><span class=\"current\">1<\/span><a href=\"https:\/\/www.anffasms.it\/index.php?rest_route=%2Fwp%2Fv2%2Fpages%2F4146&#038;paged=2\" class=\"inactive\">2<\/a><a class=\"pagination-next\" rel=\"next\" href=\"https:\/\/www.anffasms.it\/index.php?rest_route=%2Fwp%2Fv2%2Fpages%2F4146&#038;paged=2\"><span class=\"page-text\">Prossimo<\/span><span class=\"page-next\"><\/span><\/a><\/div><div class=\"fusion-clearfix\"><\/div><\/div><div class=\"fusion-clearfix\"><\/div><\/div><\/div><\/div><\/div><\/p>\n","protected":false},"excerpt":{"rendered":"","protected":false},"author":1,"featured_media":0,"parent":0,"menu_order":0,"comment_status":"closed","ping_status":"closed","template":"","meta":{"_acf_changed":false,"footnotes":""},"class_list":["post-4146","page","type-page","status-publish","hentry"],"acf":[],"yoast_head":"<!-- This site is optimized with the Yoast SEO plugin v27.2 - https:\/\/yoast.com\/product\/yoast-seo-wordpress\/ -->\n<title>Personale e Formazione - Anffas Onlus - Massa Carrara<\/title>\n<meta name=\"robots\" content=\"index, follow, max-snippet:-1, max-image-preview:large, max-video-preview:-1\" \/>\n<link rel=\"canonical\" href=\"https:\/\/www.anffasms.it\/?page_id=4146\" \/>\n<meta property=\"og:locale\" content=\"it_IT\" \/>\n<meta property=\"og:type\" content=\"article\" \/>\n<meta property=\"og:title\" content=\"Personale e Formazione - Anffas Onlus - Massa Carrara\" \/>\n<meta property=\"og:url\" content=\"https:\/\/www.anffasms.it\/?page_id=4146\" \/>\n<meta property=\"og:site_name\" content=\"Anffas Onlus - Massa Carrara\" \/>\n<meta property=\"article:publisher\" content=\"https:\/\/www.facebook.com\/anffasms\/\" \/>\n<meta property=\"article:modified_time\" content=\"2020-02-06T17:18:48+00:00\" \/>\n<meta name=\"twitter:card\" content=\"summary_large_image\" \/>\n<meta name=\"twitter:label1\" content=\"Tempo di lettura stimato\" \/>\n\t<meta name=\"twitter:data1\" content=\"4 minuti\" \/>\n<script type=\"application\/ld+json\" class=\"yoast-schema-graph\">{\"@context\":\"https:\/\/schema.org\",\"@graph\":[{\"@type\":\"WebPage\",\"@id\":\"https:\/\/www.anffasms.it\/?page_id=4146\",\"url\":\"https:\/\/www.anffasms.it\/?page_id=4146\",\"name\":\"Personale e Formazione - Anffas Onlus - Massa Carrara\",\"isPartOf\":{\"@id\":\"https:\/\/www.anffasms.it\/#website\"},\"datePublished\":\"2019-05-30T15:47:59+00:00\",\"dateModified\":\"2020-02-06T17:18:48+00:00\",\"breadcrumb\":{\"@id\":\"https:\/\/www.anffasms.it\/?page_id=4146#breadcrumb\"},\"inLanguage\":\"it-IT\",\"potentialAction\":[{\"@type\":\"ReadAction\",\"target\":[\"https:\/\/www.anffasms.it\/?page_id=4146\"]}]},{\"@type\":\"BreadcrumbList\",\"@id\":\"https:\/\/www.anffasms.it\/?page_id=4146#breadcrumb\",\"itemListElement\":[{\"@type\":\"ListItem\",\"position\":1,\"name\":\"Home\",\"item\":\"https:\/\/www.anffasms.it\/\"},{\"@type\":\"ListItem\",\"position\":2,\"name\":\"Personale e Formazione\"}]},{\"@type\":\"WebSite\",\"@id\":\"https:\/\/www.anffasms.it\/#website\",\"url\":\"https:\/\/www.anffasms.it\/\",\"name\":\"Anffas Onlus - Massa Carrara\",\"description\":\"\",\"publisher\":{\"@id\":\"https:\/\/www.anffasms.it\/#organization\"},\"potentialAction\":[{\"@type\":\"SearchAction\",\"target\":{\"@type\":\"EntryPoint\",\"urlTemplate\":\"https:\/\/www.anffasms.it\/?s={search_term_string}\"},\"query-input\":{\"@type\":\"PropertyValueSpecification\",\"valueRequired\":true,\"valueName\":\"search_term_string\"}}],\"inLanguage\":\"it-IT\"},{\"@type\":\"Organization\",\"@id\":\"https:\/\/www.anffasms.it\/#organization\",\"name\":\"Anffas Massa Carrara Onlus\",\"url\":\"https:\/\/www.anffasms.it\/\",\"logo\":{\"@type\":\"ImageObject\",\"inLanguage\":\"it-IT\",\"@id\":\"https:\/\/www.anffasms.it\/#\/schema\/logo\/image\/\",\"url\":\"https:\/\/www.anffasms.it\/wp-content\/uploads\/2018\/07\/logo_anffas_onlus_massa_carrara.png\",\"contentUrl\":\"https:\/\/www.anffasms.it\/wp-content\/uploads\/2018\/07\/logo_anffas_onlus_massa_carrara.png\",\"width\":274,\"height\":108,\"caption\":\"Anffas Massa Carrara Onlus\"},\"image\":{\"@id\":\"https:\/\/www.anffasms.it\/#\/schema\/logo\/image\/\"},\"sameAs\":[\"https:\/\/www.facebook.com\/anffasms\/\"]}]}<\/script>\n<!-- \/ Yoast SEO plugin. -->","yoast_head_json":{"title":"Personale e Formazione - Anffas Onlus - Massa Carrara","robots":{"index":"index","follow":"follow","max-snippet":"max-snippet:-1","max-image-preview":"max-image-preview:large","max-video-preview":"max-video-preview:-1"},"canonical":"https:\/\/www.anffasms.it\/?page_id=4146","og_locale":"it_IT","og_type":"article","og_title":"Personale e Formazione - Anffas Onlus - Massa Carrara","og_url":"https:\/\/www.anffasms.it\/?page_id=4146","og_site_name":"Anffas Onlus - Massa Carrara","article_publisher":"https:\/\/www.facebook.com\/anffasms\/","article_modified_time":"2020-02-06T17:18:48+00:00","twitter_card":"summary_large_image","twitter_misc":{"Tempo di lettura stimato":"4 minuti"},"schema":{"@context":"https:\/\/schema.org","@graph":[{"@type":"WebPage","@id":"https:\/\/www.anffasms.it\/?page_id=4146","url":"https:\/\/www.anffasms.it\/?page_id=4146","name":"Personale e Formazione - Anffas Onlus - Massa Carrara","isPartOf":{"@id":"https:\/\/www.anffasms.it\/#website"},"datePublished":"2019-05-30T15:47:59+00:00","dateModified":"2020-02-06T17:18:48+00:00","breadcrumb":{"@id":"https:\/\/www.anffasms.it\/?page_id=4146#breadcrumb"},"inLanguage":"it-IT","potentialAction":[{"@type":"ReadAction","target":["https:\/\/www.anffasms.it\/?page_id=4146"]}]},{"@type":"BreadcrumbList","@id":"https:\/\/www.anffasms.it\/?page_id=4146#breadcrumb","itemListElement":[{"@type":"ListItem","position":1,"name":"Home","item":"https:\/\/www.anffasms.it\/"},{"@type":"ListItem","position":2,"name":"Personale e Formazione"}]},{"@type":"WebSite","@id":"https:\/\/www.anffasms.it\/#website","url":"https:\/\/www.anffasms.it\/","name":"Anffas Onlus - Massa Carrara","description":"","publisher":{"@id":"https:\/\/www.anffasms.it\/#organization"},"potentialAction":[{"@type":"SearchAction","target":{"@type":"EntryPoint","urlTemplate":"https:\/\/www.anffasms.it\/?s={search_term_string}"},"query-input":{"@type":"PropertyValueSpecification","valueRequired":true,"valueName":"search_term_string"}}],"inLanguage":"it-IT"},{"@type":"Organization","@id":"https:\/\/www.anffasms.it\/#organization","name":"Anffas Massa Carrara Onlus","url":"https:\/\/www.anffasms.it\/","logo":{"@type":"ImageObject","inLanguage":"it-IT","@id":"https:\/\/www.anffasms.it\/#\/schema\/logo\/image\/","url":"https:\/\/www.anffasms.it\/wp-content\/uploads\/2018\/07\/logo_anffas_onlus_massa_carrara.png","contentUrl":"https:\/\/www.anffasms.it\/wp-content\/uploads\/2018\/07\/logo_anffas_onlus_massa_carrara.png","width":274,"height":108,"caption":"Anffas Massa Carrara Onlus"},"image":{"@id":"https:\/\/www.anffasms.it\/#\/schema\/logo\/image\/"},"sameAs":["https:\/\/www.facebook.com\/anffasms\/"]}]}},"_links":{"self":[{"href":"https:\/\/www.anffasms.it\/index.php?rest_route=\/wp\/v2\/pages\/4146","targetHints":{"allow":["GET"]}}],"collection":[{"href":"https:\/\/www.anffasms.it\/index.php?rest_route=\/wp\/v2\/pages"}],"about":[{"href":"https:\/\/www.anffasms.it\/index.php?rest_route=\/wp\/v2\/types\/page"}],"author":[{"embeddable":true,"href":"https:\/\/www.anffasms.it\/index.php?rest_route=\/wp\/v2\/users\/1"}],"replies":[{"embeddable":true,"href":"https:\/\/www.anffasms.it\/index.php?rest_route=%2Fwp%2Fv2%2Fcomments&post=4146"}],"version-history":[{"count":13,"href":"https:\/\/www.anffasms.it\/index.php?rest_route=\/wp\/v2\/pages\/4146\/revisions"}],"predecessor-version":[{"id":4954,"href":"https:\/\/www.anffasms.it\/index.php?rest_route=\/wp\/v2\/pages\/4146\/revisions\/4954"}],"wp:attachment":[{"href":"https:\/\/www.anffasms.it\/index.php?rest_route=%2Fwp%2Fv2%2Fmedia&parent=4146"}],"curies":[{"name":"wp","href":"https:\/\/api.w.org\/{rel}","templated":true}]}}