{"id":47,"date":"2013-06-24T11:08:52","date_gmt":"2013-06-24T09:08:52","guid":{"rendered":"http:\/\/www.anffasms.it\/?page_id=47"},"modified":"2019-11-26T17:16:03","modified_gmt":"2019-11-26T16:16:03","slug":"lassociazione","status":"publish","type":"page","link":"https:\/\/www.anffasms.it\/?page_id=47","title":{"rendered":"L&#8217; Associazione"},"content":{"rendered":"<p><div class=\"fusion-fullwidth fullwidth-box fusion-builder-row-1 nonhundred-percent-fullwidth non-hundred-percent-height-scrolling\" style=\"--awb-border-radius-top-left:0px;--awb-border-radius-top-right:0px;--awb-border-radius-bottom-right:0px;--awb-border-radius-bottom-left:0px;--awb-padding-left:0px;--awb-margin-top:0px;--awb-flex-wrap:wrap;\" ><div class=\"fusion-builder-row fusion-row\"><div class=\"fusion-layout-column fusion_builder_column fusion-builder-column-0 fusion_builder_column_1_1 1_1 fusion-one-full fusion-column-first fusion-column-last\" style=\"--awb-bg-size:cover;\"><div class=\"fusion-column-wrapper fusion-column-has-shadow fusion-flex-column-wrapper-legacy\"><div class=\"fusion-column-content-centered\"><div class=\"fusion-column-content\"><div class=\"fusion-image-element fusion-image-align-center in-legacy-container\" style=\"text-align:center;--awb-caption-title-font-family:var(--h2_typography-font-family);--awb-caption-title-font-weight:var(--h2_typography-font-weight);--awb-caption-title-font-style:var(--h2_typography-font-style);--awb-caption-title-size:var(--h2_typography-font-size);--awb-caption-title-transform:var(--h2_typography-text-transform);--awb-caption-title-line-height:var(--h2_typography-line-height);--awb-caption-title-letter-spacing:var(--h2_typography-letter-spacing);\"><div class=\"imageframe-align-center\"><span class=\" fusion-imageframe imageframe-none imageframe-1 hover-type-none\"><img decoding=\"async\" width=\"2560\" height=\"1101\" alt=\"Anffas Onlus Massa Carrara - Bambina con disabilit\u00e0, felice in riva al mare\" title=\"Anffas Onlus Massa Carrara &#8211; L&#8217;Associazione\" src=\"https:\/\/www.anffasms.it\/wp-content\/uploads\/2019\/11\/anffas_onlus_massa_carrara_associazione-scaled.jpg\" class=\"img-responsive wp-image-5557\" srcset=\"https:\/\/www.anffasms.it\/wp-content\/uploads\/2019\/11\/anffas_onlus_massa_carrara_associazione-200x86.jpg 200w, https:\/\/www.anffasms.it\/wp-content\/uploads\/2019\/11\/anffas_onlus_massa_carrara_associazione-400x172.jpg 400w, https:\/\/www.anffasms.it\/wp-content\/uploads\/2019\/11\/anffas_onlus_massa_carrara_associazione-600x258.jpg 600w, https:\/\/www.anffasms.it\/wp-content\/uploads\/2019\/11\/anffas_onlus_massa_carrara_associazione-800x344.jpg 800w, https:\/\/www.anffasms.it\/wp-content\/uploads\/2019\/11\/anffas_onlus_massa_carrara_associazione-1200x516.jpg 1200w, https:\/\/www.anffasms.it\/wp-content\/uploads\/2019\/11\/anffas_onlus_massa_carrara_associazione-scaled.jpg 2560w\" sizes=\"(max-width: 800px) 100vw, 2560px\" \/><\/span><\/div><\/div><\/div><\/div><div class=\"fusion-clearfix\"><\/div><\/div><\/div><\/div><\/div><div class=\"fusion-fullwidth fullwidth-box fusion-builder-row-2 nonhundred-percent-fullwidth non-hundred-percent-height-scrolling\" style=\"--awb-border-radius-top-left:0px;--awb-border-radius-top-right:0px;--awb-border-radius-bottom-right:0px;--awb-border-radius-bottom-left:0px;--awb-flex-wrap:wrap;\" ><div class=\"fusion-builder-row fusion-row\"><\/div><\/div><div class=\"fusion-fullwidth fullwidth-box fusion-builder-row-3 nonhundred-percent-fullwidth non-hundred-percent-height-scrolling\" style=\"--awb-border-radius-top-left:0px;--awb-border-radius-top-right:0px;--awb-border-radius-bottom-right:0px;--awb-border-radius-bottom-left:0px;--awb-flex-wrap:wrap;\" ><div class=\"fusion-builder-row fusion-row\"><div class=\"fusion-layout-column fusion_builder_column fusion-builder-column-1 fusion_builder_column_1_1 1_1 fusion-one-full fusion-column-first fusion-column-last\" style=\"--awb-bg-size:cover;--awb-margin-bottom:0px;\"><div class=\"fusion-column-wrapper fusion-flex-column-wrapper-legacy\"><div class=\"fusion-text fusion-text-1\"><h2>Perch\u00e9 <acronym title=\"Associazione di Famiglie di Persone con disabilit\u00e0 intellettiva e\/o relazionale\">Anffas<\/acronym><\/h2>\n<p>Anffas Massa Carrara \u00e8 il luogo dove le persone con disabilit\u00e0 intellettiva e relazionale, grazie a programmi e percorsi dedicati, tornano ad essere semplicemente persone, persone in grado di conseguire il pieno sviluppo realizzando i propri sogni e le proprie aspirazioni.<br \/>\nIn questo modo, Anffas, contribuisce alla creazione di una societ\u00e0 pi\u00f9 inclusiva e consapevole.<\/p>\n<p>L&#8217;ampia proposta di programmi e attivit\u00e0, la professionalit\u00e0 del personale impiegato, la disponibilit\u00e0 di strutture all&#8217;avanguardia ed il continuo sviluppo di progetti innovativi, fanno di Anffas Onlus Massa Carrara un&#8217;eccellenza nei settori sociale e socio-sanitario del nostro territorio.<\/p>\n<h2>L&#8217;Associazione<\/h2>\n<p>L\u2019 ANFFAS, in armonia con i principi costituzionali che garantiscono i diritti\u00a0inviolabili della persona, qualunque siano le condizioni personali o sociali,\u00a0ritiene che soprattutto chi \u00e8 in situazioni di disabilit\u00e0 intellettiva e relazionale\u00a0possieda il diritto inalienabile ad una vita libera e tutelata, il pi\u00f9 possibile\u00a0indipendente, nel pieno rispetto della propria personalit\u00e0.<br \/>\n<strong>Per rendere effettivamente operanti i principi costituzionali l&#8217;Associazione s&#8217;impegna per lo sviluppo della cultura della disabilit\u00e0 e della solidariet\u00e0, assumendo in ogni sede, sia per i singoli sia per la categoria, la rappresentanza e la tutela dei diritti umani, sociali e civili di cittadini che per la loro particolare disabilit\u00e0, insufficienza mentale, anormalit\u00e0 su base organica del comportamento e del carattere, non possono rappresentarsi<\/strong>.<\/p>\n<p>L&#8217;Associazione non ha fini di lucro e si ispira alla legislazione sul volontariato esplicando la propria attivit\u00e0 istituzionale ed Associativa in base al principio di solidariet\u00e0 sociale con prestazioni volontarie, spontanee e gratuite da parte dei soci, operando, oltre che per la prevenzione e la conoscenza della disabilit\u00e0, per il benessere, la tutela e l\u2019assistenza sociale e sanitaria dei disabili intellettivi e delle loro famiglie. A ci\u00f2 provvede mediante proprie strutture associative e adoperandosi per la costituzione, negli ambiti nazionale e locale, di altri organismi autonomi perseguenti scopi analoghi e che siano integrabili nei servizi sanitari e sociali del territorio.<\/p>\n<p>A tali fini l\u2019Associazione tra l\u2019altro:<\/p>\n<ol>\n<li>stabilisce e mantiene rapporti con gli organi governativi e legislativi,\u00a0nazionali e regionali, con gli enti locali e con i centri pubblici e privati\u00a0operanti nel settore della disabilit\u00e0;<\/li>\n<li>promuove e partecipa ad iniziative anche in ambito amministrativo e\u00a0giudiziario a tutela della categoria e\/o dei disabili;<\/li>\n<li>promuove e sollecita la ricerca, la prevenzione e la riabilitazione sulla\u00a0disabilit\u00e0 intellettiva e relazionale, proponendo alle famiglie ogni utile\u00a0informazione di carattere sanitario e sociale, ed operando per ridurre\u00a0l\u2019handicap;<\/li>\n<li>promuove l\u2019integrazione scolastica, la qualificazione e l\u2019inserimento nel\u00a0mondo del lavoro dei disabili in grado di partecipare al processo produttivo;\u00a0qualifica e forma docenti ed operatori di ogni ordine e grado;<\/li>\n<li>promuove, costituisce ed amministra strutture riabilitative, sanitarie,\u00a0assistenziali, sociali, anche in modo tra loro congiunto, centri di formazione,\u00a0strutture diurne e\/o residenziali idonee a rispondere ai bisogni dei disabili\u00a0intellettivi e relazionali favorendo la consapevolezza di un problema sociale\u00a0&#8220;non privato&#8221;;<\/li>\n<li>promuove, costituisce, amministra organismi editoriali per la pubblicazione\u00a0e diffusione di informazioni che trattano la disabilit\u00e0 intellettiva e\u00a0relazionale.<\/li>\n<\/ol>\n<p><strong>Oggi Anffas \u00e8 la pi\u00f9 grande associazione italiana di famiglie di persone con disabilit\u00e0 intellettive e del neurosviluppo e tra le pi\u00f9 grandi d\u2019Europa.<\/strong><\/p>\n<\/div><div class=\"fusion-clearfix\"><\/div><\/div><\/div><\/div><\/div><\/p>\n","protected":false},"excerpt":{"rendered":"","protected":false},"author":1,"featured_media":0,"parent":0,"menu_order":4,"comment_status":"open","ping_status":"closed","template":"","meta":{"_acf_changed":false,"footnotes":""},"class_list":["post-47","page","type-page","status-publish","hentry"],"acf":[],"yoast_head":"<!-- This site is optimized with the Yoast SEO plugin v27.4 - https:\/\/yoast.com\/product\/yoast-seo-wordpress\/ -->\n<title>L&#039; Associazione - Anffas Onlus - Massa Carrara<\/title>\n<meta name=\"robots\" content=\"index, follow, max-snippet:-1, max-image-preview:large, max-video-preview:-1\" \/>\n<link rel=\"canonical\" href=\"https:\/\/www.anffasms.it\/?page_id=47\" \/>\n<meta property=\"og:locale\" content=\"it_IT\" \/>\n<meta property=\"og:type\" content=\"article\" \/>\n<meta property=\"og:title\" content=\"L&#039; Associazione - Anffas Onlus - Massa Carrara\" \/>\n<meta property=\"og:url\" content=\"https:\/\/www.anffasms.it\/?page_id=47\" \/>\n<meta property=\"og:site_name\" content=\"Anffas Onlus - Massa Carrara\" \/>\n<meta property=\"article:publisher\" content=\"https:\/\/www.facebook.com\/anffasms\/\" \/>\n<meta property=\"article:modified_time\" content=\"2019-11-26T16:16:03+00:00\" \/>\n<meta name=\"twitter:card\" content=\"summary_large_image\" \/>\n<meta name=\"twitter:label1\" content=\"Tempo di lettura stimato\" \/>\n\t<meta name=\"twitter:data1\" content=\"6 minuti\" \/>\n<script type=\"application\/ld+json\" class=\"yoast-schema-graph\">{\"@context\":\"https:\\\/\\\/schema.org\",\"@graph\":[{\"@type\":\"WebPage\",\"@id\":\"https:\\\/\\\/www.anffasms.it\\\/?page_id=47\",\"url\":\"https:\\\/\\\/www.anffasms.it\\\/?page_id=47\",\"name\":\"L' Associazione - Anffas Onlus - Massa Carrara\",\"isPartOf\":{\"@id\":\"https:\\\/\\\/www.anffasms.it\\\/#website\"},\"datePublished\":\"2013-06-24T09:08:52+00:00\",\"dateModified\":\"2019-11-26T16:16:03+00:00\",\"breadcrumb\":{\"@id\":\"https:\\\/\\\/www.anffasms.it\\\/?page_id=47#breadcrumb\"},\"inLanguage\":\"it-IT\",\"potentialAction\":[{\"@type\":\"ReadAction\",\"target\":[\"https:\\\/\\\/www.anffasms.it\\\/?page_id=47\"]}]},{\"@type\":\"BreadcrumbList\",\"@id\":\"https:\\\/\\\/www.anffasms.it\\\/?page_id=47#breadcrumb\",\"itemListElement\":[{\"@type\":\"ListItem\",\"position\":1,\"name\":\"Home\",\"item\":\"https:\\\/\\\/www.anffasms.it\\\/\"},{\"@type\":\"ListItem\",\"position\":2,\"name\":\"L&#8217; Associazione\"}]},{\"@type\":\"WebSite\",\"@id\":\"https:\\\/\\\/www.anffasms.it\\\/#website\",\"url\":\"https:\\\/\\\/www.anffasms.it\\\/\",\"name\":\"Anffas Onlus - Massa Carrara\",\"description\":\"\",\"publisher\":{\"@id\":\"https:\\\/\\\/www.anffasms.it\\\/#organization\"},\"potentialAction\":[{\"@type\":\"SearchAction\",\"target\":{\"@type\":\"EntryPoint\",\"urlTemplate\":\"https:\\\/\\\/www.anffasms.it\\\/?s={search_term_string}\"},\"query-input\":{\"@type\":\"PropertyValueSpecification\",\"valueRequired\":true,\"valueName\":\"search_term_string\"}}],\"inLanguage\":\"it-IT\"},{\"@type\":\"Organization\",\"@id\":\"https:\\\/\\\/www.anffasms.it\\\/#organization\",\"name\":\"Anffas Massa Carrara Onlus\",\"url\":\"https:\\\/\\\/www.anffasms.it\\\/\",\"logo\":{\"@type\":\"ImageObject\",\"inLanguage\":\"it-IT\",\"@id\":\"https:\\\/\\\/www.anffasms.it\\\/#\\\/schema\\\/logo\\\/image\\\/\",\"url\":\"https:\\\/\\\/www.anffasms.it\\\/wp-content\\\/uploads\\\/2018\\\/07\\\/logo_anffas_onlus_massa_carrara.png\",\"contentUrl\":\"https:\\\/\\\/www.anffasms.it\\\/wp-content\\\/uploads\\\/2018\\\/07\\\/logo_anffas_onlus_massa_carrara.png\",\"width\":274,\"height\":108,\"caption\":\"Anffas Massa Carrara Onlus\"},\"image\":{\"@id\":\"https:\\\/\\\/www.anffasms.it\\\/#\\\/schema\\\/logo\\\/image\\\/\"},\"sameAs\":[\"https:\\\/\\\/www.facebook.com\\\/anffasms\\\/\"]}]}<\/script>\n<!-- \/ Yoast SEO plugin. -->","yoast_head_json":{"title":"L' Associazione - Anffas Onlus - Massa Carrara","robots":{"index":"index","follow":"follow","max-snippet":"max-snippet:-1","max-image-preview":"max-image-preview:large","max-video-preview":"max-video-preview:-1"},"canonical":"https:\/\/www.anffasms.it\/?page_id=47","og_locale":"it_IT","og_type":"article","og_title":"L' Associazione - Anffas Onlus - Massa Carrara","og_url":"https:\/\/www.anffasms.it\/?page_id=47","og_site_name":"Anffas Onlus - Massa Carrara","article_publisher":"https:\/\/www.facebook.com\/anffasms\/","article_modified_time":"2019-11-26T16:16:03+00:00","twitter_card":"summary_large_image","twitter_misc":{"Tempo di lettura stimato":"6 minuti"},"schema":{"@context":"https:\/\/schema.org","@graph":[{"@type":"WebPage","@id":"https:\/\/www.anffasms.it\/?page_id=47","url":"https:\/\/www.anffasms.it\/?page_id=47","name":"L' Associazione - Anffas Onlus - Massa Carrara","isPartOf":{"@id":"https:\/\/www.anffasms.it\/#website"},"datePublished":"2013-06-24T09:08:52+00:00","dateModified":"2019-11-26T16:16:03+00:00","breadcrumb":{"@id":"https:\/\/www.anffasms.it\/?page_id=47#breadcrumb"},"inLanguage":"it-IT","potentialAction":[{"@type":"ReadAction","target":["https:\/\/www.anffasms.it\/?page_id=47"]}]},{"@type":"BreadcrumbList","@id":"https:\/\/www.anffasms.it\/?page_id=47#breadcrumb","itemListElement":[{"@type":"ListItem","position":1,"name":"Home","item":"https:\/\/www.anffasms.it\/"},{"@type":"ListItem","position":2,"name":"L&#8217; Associazione"}]},{"@type":"WebSite","@id":"https:\/\/www.anffasms.it\/#website","url":"https:\/\/www.anffasms.it\/","name":"Anffas Onlus - Massa Carrara","description":"","publisher":{"@id":"https:\/\/www.anffasms.it\/#organization"},"potentialAction":[{"@type":"SearchAction","target":{"@type":"EntryPoint","urlTemplate":"https:\/\/www.anffasms.it\/?s={search_term_string}"},"query-input":{"@type":"PropertyValueSpecification","valueRequired":true,"valueName":"search_term_string"}}],"inLanguage":"it-IT"},{"@type":"Organization","@id":"https:\/\/www.anffasms.it\/#organization","name":"Anffas Massa Carrara Onlus","url":"https:\/\/www.anffasms.it\/","logo":{"@type":"ImageObject","inLanguage":"it-IT","@id":"https:\/\/www.anffasms.it\/#\/schema\/logo\/image\/","url":"https:\/\/www.anffasms.it\/wp-content\/uploads\/2018\/07\/logo_anffas_onlus_massa_carrara.png","contentUrl":"https:\/\/www.anffasms.it\/wp-content\/uploads\/2018\/07\/logo_anffas_onlus_massa_carrara.png","width":274,"height":108,"caption":"Anffas Massa Carrara Onlus"},"image":{"@id":"https:\/\/www.anffasms.it\/#\/schema\/logo\/image\/"},"sameAs":["https:\/\/www.facebook.com\/anffasms\/"]}]}},"_links":{"self":[{"href":"https:\/\/www.anffasms.it\/index.php?rest_route=\/wp\/v2\/pages\/47","targetHints":{"allow":["GET"]}}],"collection":[{"href":"https:\/\/www.anffasms.it\/index.php?rest_route=\/wp\/v2\/pages"}],"about":[{"href":"https:\/\/www.anffasms.it\/index.php?rest_route=\/wp\/v2\/types\/page"}],"author":[{"embeddable":true,"href":"https:\/\/www.anffasms.it\/index.php?rest_route=\/wp\/v2\/users\/1"}],"replies":[{"embeddable":true,"href":"https:\/\/www.anffasms.it\/index.php?rest_route=%2Fwp%2Fv2%2Fcomments&post=47"}],"version-history":[{"count":44,"href":"https:\/\/www.anffasms.it\/index.php?rest_route=\/wp\/v2\/pages\/47\/revisions"}],"predecessor-version":[{"id":49,"href":"https:\/\/www.anffasms.it\/index.php?rest_route=\/wp\/v2\/pages\/47\/revisions\/49"}],"wp:attachment":[{"href":"https:\/\/www.anffasms.it\/index.php?rest_route=%2Fwp%2Fv2%2Fmedia&parent=47"}],"curies":[{"name":"wp","href":"https:\/\/api.w.org\/{rel}","templated":true}]}}