{"id":6735,"date":"2021-02-03T12:30:23","date_gmt":"2021-02-03T11:30:23","guid":{"rendered":"https:\/\/www.anffasms.it\/?page_id=6735"},"modified":"2021-02-03T12:32:41","modified_gmt":"2021-02-03T11:32:41","slug":"covid-il-difficile-post-dimissioni-delle-persone-con-disabilita-articolo-di-giuseppe-mussi-su-vita","status":"publish","type":"page","link":"https:\/\/www.anffasms.it\/?page_id=6735","title":{"rendered":"Covid: il difficile post dimissioni delle persone con disabilit\u00e0 &#8211; Articolo di Giuseppe Mussi su VITA"},"content":{"rendered":"<p class=\"subtitle\">Non \u00e8 cos\u00ec raro il caso di una persona con disabilit\u00e0 che vive con un genitore anziano, entrambi positivi al Covid. Anffas \u00e8 stata pienamente coinvolta sia sul piano associativo che su quello di gestore dei servizi.<br \/>\nUn&#8217;esperienza che ha portato risultati validi, pur nelle difficolt\u00e0: prima fra tutte la carenza di infermieri nelle strutture territoriali del Terzo settore, migrati verso il pubblico.<br \/>\n<strong>Ecco l&#8217;esperienza toscana raccontata nell&#8217;articolo <em>del Dott. Giuseppe Mussi, Direttore generale di Anffas Massa Carrara e componente del Comitato Tecnico Scientifico Anffas Nazionale<\/em><\/strong><\/p>\n<p>Su <strong>Vita<\/strong> il magazine dedicato al racconto sociale, al volontariato, alla sostenibilit\u00e0 economica e ambientale e al mondo del non profit.<\/p>\n<p>&nbsp;<\/p>\n<blockquote><p><strong>[&#8230;] L<\/strong><strong>\u201911 marzo 2020\u00a0<\/strong><strong>L\u2019OMS ha dichiarato il raggiungimento del livello pandemico<\/strong><strong>.\u00a0<\/strong>Quel giorno, i pazienti positivi alla ricerca del SARS\u2013CoV-2 in Toscana erano gi\u00e0 314, di questi i ricoverati in Malattie infettive e in Area medica erano 87 e quelli in Terapia intensiva erano 54. A questo punto dell\u2019epidemia, con numeri in rapida crescita anche nella nostra regione, \u00e8 apparso chiaro che le strutture specialistiche presto non sarebbero state in grado di accogliere i casi in livelli d\u2019intensit\u00e0 appropriati.<\/p>\n<p>La <strong>risposta della rete ospedaliera Toscana<\/strong>\u00a0\u00e8 stata declinata nelle tre Aree Vaste, SudEst, Centro e NordOvest, ciascuna delle quali \u00e8 stata strutturata per fornire le cure necessarie ai pazienti Covid-19 per tutti i livelli d\u2019intensit\u00e0 di assistenza secondo un modello concettuale gi\u00e0 collaudato per tutte le reti cliniche. Ciascuna Area Vasta \u00e8 stata articolata per la risposta alla pandemia in tre tipologie di ospedale.<\/p>\n<ul>\n<li>Un\u00a0<strong>ospedale Core-A<\/strong>, corrispondente all\u2019Azienda ospedaliero universitaria che insiste su quel territorio (Careggi per l\u2019Area Vasta Centro, Pisana per la Nord-Ovest e Senese per la Sud-Est). Questi ospedali garantiscono il maggior numero di posti letto per pazienti Covid-19, sia in Area medica (compresi reparti di Malattie infettive), sia in Terapia intensiva.<\/li>\n<li><strong>Ospedali Core-B<\/strong>, che corrispondono ai maggiori ospedali per acuti dell\u2019AUSL di Area Vasta. Questi garantiscono tutte le funzioni per i pazienti Covid-19 e mantengono la continuit\u00e0 delle funzioni per l\u2019oncologia e le reti tempo dipendenti. Sono dotati di un numero di posti letto in Terapia intensiva tale da creare un&#8217;Unit\u00e0 Covid-19 e assicurando al tempo stesso posti letto intensivi per altri pazienti; spesso sono sede di un reparto di Malattie infettive, o in alternativa garantiscono la presenza dello specialista.<\/li>\n<li>Gli\u00a0<strong>ospedali No Core<\/strong>, non dispongono di Terapia intensiva o hanno solo piccoli reparti intensivi, che non consentono di destinare una porzione a pazienti con Covid-19. Garantiscono la continuit\u00e0 dell\u2019assistenza per altri trattamenti non rinviabili. Si tratta di numerosi piccoli ospedali del Sistema sanitario e delle Case di Cura private.<\/li>\n<li>In condizioni di base gli ospedali toscani dispongono complessivamente di 322 posti letto di terapia intensiva. Il 18 marzo 2020 \u00e8 stata emessa l\u2019ordinanza del Presidente della Giunta regionale con l\u2019approvazione del piano per la realizzazione di 280 postazioni di cure intensive, convertendo reparti di degenza strutturati per l\u2019alta intensit\u00e0, sale operatorie, <em>recovery room<\/em>, ambulatori chirurgici ecc, fino a poterne garantire 394 solo per i pazienti Covid-19, continuando a gestire separatamente i pazienti critici \u201cordinari\u201d. Questa risorsa ha un\u2019ulteriore capacit\u00e0 di espansione di altri 80 posti letto intensivi entro 48 ore, in caso di necessit\u00e0.\u00a0<strong>I posti letto di Area medica a disposizione per pazienti Covid-19 \u00e8 quindi salita fino a 1.504, oltre a 34 sub-intensivi, con la possibile espansione di 156 letti entro 48 ore.[&#8230;]<\/strong><\/li>\n<\/ul>\n<\/blockquote>\n<p><strong><a href=\"http:\/\/www.vita.it\/it\/article\/2021\/02\/01\/covid-il-difficile-post-dimissioni-delle-persone-con-disabilita\/158175\/\" target=\"_blank\" rel=\"noopener\">LEGGI tutto L&#8217;ARTICOLO su VITA<\/a><\/strong><\/p>\n","protected":false},"excerpt":{"rendered":"<p>Non \u00e8 cos\u00ec raro il caso di una persona con disabilit\u00e0 che vive con un genitore anziano, entrambi positivi al Covid. Anffas \u00e8 stata pienamente coinvolta sia sul piano associativo che su quello di gestore dei servizi. Un&#8217;esperienza che ha portato risultati validi, pur nelle difficolt\u00e0: prima fra tutte la carenza di infermieri nelle strutture  [&#8230;]<\/p>\n","protected":false},"author":1,"featured_media":6736,"parent":0,"menu_order":0,"comment_status":"closed","ping_status":"closed","template":"","meta":{"_acf_changed":false,"footnotes":""},"class_list":["post-6735","page","type-page","status-publish","has-post-thumbnail","hentry"],"acf":[],"yoast_head":"<!-- This site is optimized with the Yoast SEO plugin v27.4 - https:\/\/yoast.com\/product\/yoast-seo-wordpress\/ -->\n<title>Covid: il difficile post dimissioni delle persone con disabilit\u00e0 - Articolo di Giuseppe Mussi su VITA - Anffas Onlus - Massa Carrara<\/title>\n<meta name=\"robots\" content=\"index, follow, max-snippet:-1, max-image-preview:large, max-video-preview:-1\" \/>\n<link rel=\"canonical\" href=\"https:\/\/www.anffasms.it\/?page_id=6735\" \/>\n<meta property=\"og:locale\" content=\"it_IT\" \/>\n<meta property=\"og:type\" content=\"article\" \/>\n<meta property=\"og:title\" content=\"Covid: il difficile post dimissioni delle persone con disabilit\u00e0 - Articolo di Giuseppe Mussi su VITA - Anffas Onlus - Massa Carrara\" \/>\n<meta property=\"og:description\" content=\"Non \u00e8 cos\u00ec raro il caso di una persona con disabilit\u00e0 che vive con un genitore anziano, entrambi positivi al Covid. Anffas \u00e8 stata pienamente coinvolta sia sul piano associativo che su quello di gestore dei servizi. Un&#8217;esperienza che ha portato risultati validi, pur nelle difficolt\u00e0: prima fra tutte la carenza di infermieri nelle strutture [...]\" \/>\n<meta property=\"og:url\" content=\"https:\/\/www.anffasms.it\/?page_id=6735\" \/>\n<meta property=\"og:site_name\" content=\"Anffas Onlus - Massa Carrara\" \/>\n<meta property=\"article:publisher\" content=\"https:\/\/www.facebook.com\/anffasms\/\" \/>\n<meta property=\"article:modified_time\" content=\"2021-02-03T11:32:41+00:00\" \/>\n<meta property=\"og:image\" content=\"https:\/\/www.anffasms.it\/wp-content\/uploads\/2021\/02\/vitaMAGAZINE.jpg\" \/>\n\t<meta property=\"og:image:width\" content=\"1520\" \/>\n\t<meta property=\"og:image:height\" content=\"700\" \/>\n\t<meta property=\"og:image:type\" content=\"image\/jpeg\" \/>\n<meta name=\"twitter:card\" content=\"summary_large_image\" \/>\n<meta name=\"twitter:label1\" content=\"Tempo di lettura stimato\" \/>\n\t<meta name=\"twitter:data1\" content=\"3 minuti\" \/>\n<script type=\"application\/ld+json\" class=\"yoast-schema-graph\">{\"@context\":\"https:\\\/\\\/schema.org\",\"@graph\":[{\"@type\":\"WebPage\",\"@id\":\"https:\\\/\\\/www.anffasms.it\\\/?page_id=6735\",\"url\":\"https:\\\/\\\/www.anffasms.it\\\/?page_id=6735\",\"name\":\"Covid: il difficile post dimissioni delle persone con disabilit\u00e0 - Articolo di Giuseppe Mussi su VITA - Anffas Onlus - Massa Carrara\",\"isPartOf\":{\"@id\":\"https:\\\/\\\/www.anffasms.it\\\/#website\"},\"primaryImageOfPage\":{\"@id\":\"https:\\\/\\\/www.anffasms.it\\\/?page_id=6735#primaryimage\"},\"image\":{\"@id\":\"https:\\\/\\\/www.anffasms.it\\\/?page_id=6735#primaryimage\"},\"thumbnailUrl\":\"https:\\\/\\\/www.anffasms.it\\\/wp-content\\\/uploads\\\/2021\\\/02\\\/vitaMAGAZINE.jpg\",\"datePublished\":\"2021-02-03T11:30:23+00:00\",\"dateModified\":\"2021-02-03T11:32:41+00:00\",\"breadcrumb\":{\"@id\":\"https:\\\/\\\/www.anffasms.it\\\/?page_id=6735#breadcrumb\"},\"inLanguage\":\"it-IT\",\"potentialAction\":[{\"@type\":\"ReadAction\",\"target\":[\"https:\\\/\\\/www.anffasms.it\\\/?page_id=6735\"]}]},{\"@type\":\"ImageObject\",\"inLanguage\":\"it-IT\",\"@id\":\"https:\\\/\\\/www.anffasms.it\\\/?page_id=6735#primaryimage\",\"url\":\"https:\\\/\\\/www.anffasms.it\\\/wp-content\\\/uploads\\\/2021\\\/02\\\/vitaMAGAZINE.jpg\",\"contentUrl\":\"https:\\\/\\\/www.anffasms.it\\\/wp-content\\\/uploads\\\/2021\\\/02\\\/vitaMAGAZINE.jpg\",\"width\":1520,\"height\":700,\"caption\":\"Covid e disabilit\u00e0\"},{\"@type\":\"BreadcrumbList\",\"@id\":\"https:\\\/\\\/www.anffasms.it\\\/?page_id=6735#breadcrumb\",\"itemListElement\":[{\"@type\":\"ListItem\",\"position\":1,\"name\":\"Home\",\"item\":\"https:\\\/\\\/www.anffasms.it\\\/\"},{\"@type\":\"ListItem\",\"position\":2,\"name\":\"Covid: il difficile post dimissioni delle persone con disabilit\u00e0 &#8211; Articolo di Giuseppe Mussi su VITA\"}]},{\"@type\":\"WebSite\",\"@id\":\"https:\\\/\\\/www.anffasms.it\\\/#website\",\"url\":\"https:\\\/\\\/www.anffasms.it\\\/\",\"name\":\"Anffas Onlus - Massa Carrara\",\"description\":\"\",\"publisher\":{\"@id\":\"https:\\\/\\\/www.anffasms.it\\\/#organization\"},\"potentialAction\":[{\"@type\":\"SearchAction\",\"target\":{\"@type\":\"EntryPoint\",\"urlTemplate\":\"https:\\\/\\\/www.anffasms.it\\\/?s={search_term_string}\"},\"query-input\":{\"@type\":\"PropertyValueSpecification\",\"valueRequired\":true,\"valueName\":\"search_term_string\"}}],\"inLanguage\":\"it-IT\"},{\"@type\":\"Organization\",\"@id\":\"https:\\\/\\\/www.anffasms.it\\\/#organization\",\"name\":\"Anffas Massa Carrara Onlus\",\"url\":\"https:\\\/\\\/www.anffasms.it\\\/\",\"logo\":{\"@type\":\"ImageObject\",\"inLanguage\":\"it-IT\",\"@id\":\"https:\\\/\\\/www.anffasms.it\\\/#\\\/schema\\\/logo\\\/image\\\/\",\"url\":\"https:\\\/\\\/www.anffasms.it\\\/wp-content\\\/uploads\\\/2018\\\/07\\\/logo_anffas_onlus_massa_carrara.png\",\"contentUrl\":\"https:\\\/\\\/www.anffasms.it\\\/wp-content\\\/uploads\\\/2018\\\/07\\\/logo_anffas_onlus_massa_carrara.png\",\"width\":274,\"height\":108,\"caption\":\"Anffas Massa Carrara Onlus\"},\"image\":{\"@id\":\"https:\\\/\\\/www.anffasms.it\\\/#\\\/schema\\\/logo\\\/image\\\/\"},\"sameAs\":[\"https:\\\/\\\/www.facebook.com\\\/anffasms\\\/\"]}]}<\/script>\n<!-- \/ Yoast SEO plugin. -->","yoast_head_json":{"title":"Covid: il difficile post dimissioni delle persone con disabilit\u00e0 - Articolo di Giuseppe Mussi su VITA - Anffas Onlus - Massa Carrara","robots":{"index":"index","follow":"follow","max-snippet":"max-snippet:-1","max-image-preview":"max-image-preview:large","max-video-preview":"max-video-preview:-1"},"canonical":"https:\/\/www.anffasms.it\/?page_id=6735","og_locale":"it_IT","og_type":"article","og_title":"Covid: il difficile post dimissioni delle persone con disabilit\u00e0 - Articolo di Giuseppe Mussi su VITA - Anffas Onlus - Massa Carrara","og_description":"Non \u00e8 cos\u00ec raro il caso di una persona con disabilit\u00e0 che vive con un genitore anziano, entrambi positivi al Covid. Anffas \u00e8 stata pienamente coinvolta sia sul piano associativo che su quello di gestore dei servizi. Un&#8217;esperienza che ha portato risultati validi, pur nelle difficolt\u00e0: prima fra tutte la carenza di infermieri nelle strutture [...]","og_url":"https:\/\/www.anffasms.it\/?page_id=6735","og_site_name":"Anffas Onlus - Massa Carrara","article_publisher":"https:\/\/www.facebook.com\/anffasms\/","article_modified_time":"2021-02-03T11:32:41+00:00","og_image":[{"width":1520,"height":700,"url":"https:\/\/www.anffasms.it\/wp-content\/uploads\/2021\/02\/vitaMAGAZINE.jpg","type":"image\/jpeg"}],"twitter_card":"summary_large_image","twitter_misc":{"Tempo di lettura stimato":"3 minuti"},"schema":{"@context":"https:\/\/schema.org","@graph":[{"@type":"WebPage","@id":"https:\/\/www.anffasms.it\/?page_id=6735","url":"https:\/\/www.anffasms.it\/?page_id=6735","name":"Covid: il difficile post dimissioni delle persone con disabilit\u00e0 - Articolo di Giuseppe Mussi su VITA - Anffas Onlus - Massa Carrara","isPartOf":{"@id":"https:\/\/www.anffasms.it\/#website"},"primaryImageOfPage":{"@id":"https:\/\/www.anffasms.it\/?page_id=6735#primaryimage"},"image":{"@id":"https:\/\/www.anffasms.it\/?page_id=6735#primaryimage"},"thumbnailUrl":"https:\/\/www.anffasms.it\/wp-content\/uploads\/2021\/02\/vitaMAGAZINE.jpg","datePublished":"2021-02-03T11:30:23+00:00","dateModified":"2021-02-03T11:32:41+00:00","breadcrumb":{"@id":"https:\/\/www.anffasms.it\/?page_id=6735#breadcrumb"},"inLanguage":"it-IT","potentialAction":[{"@type":"ReadAction","target":["https:\/\/www.anffasms.it\/?page_id=6735"]}]},{"@type":"ImageObject","inLanguage":"it-IT","@id":"https:\/\/www.anffasms.it\/?page_id=6735#primaryimage","url":"https:\/\/www.anffasms.it\/wp-content\/uploads\/2021\/02\/vitaMAGAZINE.jpg","contentUrl":"https:\/\/www.anffasms.it\/wp-content\/uploads\/2021\/02\/vitaMAGAZINE.jpg","width":1520,"height":700,"caption":"Covid e disabilit\u00e0"},{"@type":"BreadcrumbList","@id":"https:\/\/www.anffasms.it\/?page_id=6735#breadcrumb","itemListElement":[{"@type":"ListItem","position":1,"name":"Home","item":"https:\/\/www.anffasms.it\/"},{"@type":"ListItem","position":2,"name":"Covid: il difficile post dimissioni delle persone con disabilit\u00e0 &#8211; Articolo di Giuseppe Mussi su VITA"}]},{"@type":"WebSite","@id":"https:\/\/www.anffasms.it\/#website","url":"https:\/\/www.anffasms.it\/","name":"Anffas Onlus - Massa Carrara","description":"","publisher":{"@id":"https:\/\/www.anffasms.it\/#organization"},"potentialAction":[{"@type":"SearchAction","target":{"@type":"EntryPoint","urlTemplate":"https:\/\/www.anffasms.it\/?s={search_term_string}"},"query-input":{"@type":"PropertyValueSpecification","valueRequired":true,"valueName":"search_term_string"}}],"inLanguage":"it-IT"},{"@type":"Organization","@id":"https:\/\/www.anffasms.it\/#organization","name":"Anffas Massa Carrara Onlus","url":"https:\/\/www.anffasms.it\/","logo":{"@type":"ImageObject","inLanguage":"it-IT","@id":"https:\/\/www.anffasms.it\/#\/schema\/logo\/image\/","url":"https:\/\/www.anffasms.it\/wp-content\/uploads\/2018\/07\/logo_anffas_onlus_massa_carrara.png","contentUrl":"https:\/\/www.anffasms.it\/wp-content\/uploads\/2018\/07\/logo_anffas_onlus_massa_carrara.png","width":274,"height":108,"caption":"Anffas Massa Carrara Onlus"},"image":{"@id":"https:\/\/www.anffasms.it\/#\/schema\/logo\/image\/"},"sameAs":["https:\/\/www.facebook.com\/anffasms\/"]}]}},"_links":{"self":[{"href":"https:\/\/www.anffasms.it\/index.php?rest_route=\/wp\/v2\/pages\/6735","targetHints":{"allow":["GET"]}}],"collection":[{"href":"https:\/\/www.anffasms.it\/index.php?rest_route=\/wp\/v2\/pages"}],"about":[{"href":"https:\/\/www.anffasms.it\/index.php?rest_route=\/wp\/v2\/types\/page"}],"author":[{"embeddable":true,"href":"https:\/\/www.anffasms.it\/index.php?rest_route=\/wp\/v2\/users\/1"}],"replies":[{"embeddable":true,"href":"https:\/\/www.anffasms.it\/index.php?rest_route=%2Fwp%2Fv2%2Fcomments&post=6735"}],"version-history":[{"count":5,"href":"https:\/\/www.anffasms.it\/index.php?rest_route=\/wp\/v2\/pages\/6735\/revisions"}],"predecessor-version":[{"id":6741,"href":"https:\/\/www.anffasms.it\/index.php?rest_route=\/wp\/v2\/pages\/6735\/revisions\/6741"}],"wp:featuredmedia":[{"embeddable":true,"href":"https:\/\/www.anffasms.it\/index.php?rest_route=\/wp\/v2\/media\/6736"}],"wp:attachment":[{"href":"https:\/\/www.anffasms.it\/index.php?rest_route=%2Fwp%2Fv2%2Fmedia&parent=6735"}],"curies":[{"name":"wp","href":"https:\/\/api.w.org\/{rel}","templated":true}]}}